(3). Suppose 5*d + 49 = 2*m - 1, 0 = j*m - d - 102. What is the units digit of (-6)/(-8) - ((-4705)/m - -2)?
4
Let c be ((-24)/(-16))/(2/4). Let l = c - -54. Suppose l - 261 = -3*n. What is the units digit of n?
8
Suppose -21*o = 3*o - 48. Suppose o*q - 1837 = -433. What is the units digit of q?
2
Let f(a) = a**3 + 19*a**2 - 21*a - 12. Let b be f(-20). Suppose 3*c + z - 11 = 5, -3*z = c - b. Suppose -3792 = -c*j - 11*j. What is the tens digit of j?
3
Suppose -2*m + 3*q = 6 + 11, -6 = -2*q. Let a(x) be the first derivative of x**4/4 + 3*x**3 + 3*x**2/2 - 8*x + 1209. What is the units digit of a(m)?
0
Suppose 4*i = 6*i - 3720. What is the tens digit of i?
6
Suppose -4*a = t - 5 - 6, 4*a = 5*t - 55. Let m(q) = 83*q + 56. What is the hundreds digit of m(t)?
9
Let h = 130 - 130. Let g be 1 + -2 + 0 - -6. Suppose h*b = g*b - 395. What is the tens digit of b?
7
What is the tens digit of (9 - (-1164)/(-6))*51/(-1)?
3
Let k(n) = n**3 + 3*n**2 - 6*n + 9. Let h = 2 - 0. Suppose 5*d + 4 = u + h*d, -4*u - 5*d = -16. What is the units digit of k(u)?
7
Suppose -522*m + 503*m + 403471 = -1188558. What is the thousands digit of m?
3
Let j(x) = 2*x**2 - 8*x + 13. Let h be j(4). Let a(g) = -g + 3*g - h*g**2 - 16*g**3 + 2 + 13*g**2. What is the tens digit of a(-2)?
2
Let p(o) = 5*o - 53. What is the tens digit of p(17)?
3
Let w be 76 + (-3)/(15/20). Suppose g = 188 + w. Suppose -5*i + 5*q + 270 + g = 0, -2*q = -3*i + 319. What is the hundreds digit of i?
1
Let b(m) = 242*m + 2072. Let j be b(-8). Let s(n) = 8*n + 4. Let c be s(3). Suppose j = 4*i + c. What is the units digit of i?
7
Let v = -2235 - -3459. Suppose 20*t = 23*t - v. What is the units digit of t?
8
Suppose 6*h - 8*h - 4*j + 22 = 0, 5*j = 15. Let o(i) = 4*i**3 + 14*i + 0 - 17 - 76*i**2 - h*i**3 + 71*i**2. What is the tens digit of o(-9)?
8
Suppose 4*k - 3*t = 24929, 41*k - 2*t = 42*k - 6235. What is the tens digit of k?
3
Suppose 0 = 224*l - 12*l - 232564. What is the thousands digit of l?
1
Let s be -1 - (-8 - (-21)/3). Let h(q) = -q**2 - 4*q - 1. Let r be h(-4). What is the units digit of 2 + s - -47 - r*1?
0
Let i = 118 - 30. Let c(p) = -6*p**2 + 88 + 2*p**3 - i - 6*p. What is the tens digit of c(6)?
8
Let r(b) = b**3 - 12*b**2 - 11*b - 23. Let o be r(13). Suppose z = -o, a - 2*z - 288 = 255. What is the tens digit of a?
3
Let q(r) = -8*r**2 - 10*r**2 - r**3 - 19*r - 16 + 28. Let o be q(-6). What is the hundreds digit of 0 - 2 - o/2?
1
Let c(x) = -307*x + 2. Let m be c(-2). Let s be (-2)/(-9) - m/99. What is the tens digit of s/(-9)*(-1020)/(-4)?
7
Let a = -91 + 92. Suppose a - 11 = -2*p. Suppose -k + 12 = -p*g - 56, 3*g = 5*k - 230. What is the units digit of k?
3
Let f(r) = -2*r**2 - 16*r + 3. Let g be f(-9). Let c be (0 - -1)/((-1)/g*3). What is the units digit of (-1732)/(-20) + 2/c?
7
What is the tens digit of 28/((0 + 0 + 2)*109/218)?
2
Suppose -4*r + 8 = 3*x, 2*r + 2*x - 2 = 2. Let f(u) = -u**2 + u + 1. Let c(n) = 60*n**3 + 4*n + 3. Let s(z) = r*f(z) - c(z). What is the units digit of s(-1)?
9
Let v(a) = -833*a + 1859. What is the hundreds digit of v(-6)?
8
Suppose 4*u - 7 = 13, 2095 = -5*a - 3*u. What is the units digit of (5 + 3/(-3))*a/(-8)?
1
Suppose -2*o + 2*l + 1316 = -25134, 5 = 5*l. What is the hundreds digit of o?
2
Suppose -21*w = -36*w - 120. What is the tens digit of (w - 4848/56)*(-7)/2?
3
Suppose -3*i + 14 = -5*g - 24, -58 = 5*g + 2*i. Suppose -4*b - 2*k + 5 = 1, -3*b + 3*k = 6. What is the hundreds digit of g/2 + b - -257?
2
Suppose 2*h = -x + 10851, 4*h - 3*x - 19902 = 1805. What is the hundreds digit of h?
4
Suppose -2*l + 4*l - 5*l = 0. Suppose 5*i - 5*p - 1315 = l, 5*i + 3*p - 1308 = p. What is the hundreds digit of i?
2
Let s be (-7)/(735/(-66980)) - 8/(-84). Let q = 50 + s. What is the hundreds digit of q?
6
Let x be (5/2)/(237/(-78) + 3). Let w = -5 + 112. Let a = w - x. What is the hundreds digit of a?
1
Let w(u) = 21*u**2 + 5*u - 15. Let o be w(-4). Suppose 2*n = -2*t + 598, 21*t - n = 20*t + o. What is the tens digit of t?
0
Let g = -50 - -56. Let l(v) = -8*v + 50. Let p be l(g). Suppose 4*c + 4*m = 36, 2*m + 76 = 4*c - p*m. What is the units digit of c?
4
Suppose -63*i + 114010 + 141833 = 0. What is the units digit of i?
1
Suppose 6*n + 94 = -260. Let d = n - -65. What is the units digit of d?
6
Suppose 0 = 4*q + 2*k - 12972, 2*q + 773*k - 6468 = 775*k. What is the hundreds digit of q?
2
Let y(p) be the first derivative of -p**3/3 - 7*p**2/2 - 4*p - 10. Let v be y(-6). Suppose -2*d + 3 = -1, 277 = 3*k + v*d. What is the tens digit of k?
9
Let b(k) = 16 - 4 + 2*k**2 - 3*k + 5*k. Let t = 230 + -235. What is the tens digit of b(t)?
5
Suppose 3*m - 5*p = -3*p - 61, 2*p = m + 27. Let u = m - -8. Let g(f) = -3*f - 1. What is the tens digit of g(u)?
2
Let m(v) be the first derivative of -1/3*v**3 - 8*v**2 - 15*v + 5. What is the units digit of m(-6)?
5
Let r be 2*(-1)/(4/1384). Let v = -295 - r. Suppose 4*a + 77 = v. What is the tens digit of a?
8
Suppose -36*r + 10 = -41*r. Let s be r*(8 + -2)/(-3). What is the units digit of (2/s)/(2/(-4))*-2?
2
Let w = -1073 - -4824. What is the thousands digit of w?
3
Suppose -2*g = -0*y - 2*y - 12, g = -4*y - 19. Let n(m) = -38*m**2 - 8*m - 5. Let t be n(y). What is the tens digit of (t/9)/5*-6?
2
Suppose 184 = 8*i - 4*i - 3*j, -3*i + 3*j + 138 = 0. Suppose 0 = 42*t - i*t + 920. What is the tens digit of t?
3
Let m = -28072 - -55571. What is the tens digit of m?
9
Let r be (-3 + 1 + 0 + 3)*79. Let h = 133 - r. Suppose -h*b - 207 = -57*b. What is the tens digit of b?
6
Let y(r) = 10495*r**3 - 9*r**2 + 18*r - 10. What is the hundreds digit of y(1)?
4
Let x(n) = -2*n + 29*n + 42 + 0*n - 119. Let w be x(6). Let o = 16 + w. What is the units digit of o?
1
Suppose 3*c - 6*x = -5*x + 73, 2*c = -x + 42. What is the hundreds digit of 483210/299 + (-2)/c?
6
Suppose 89*u - 1116 = 86*u - 5*j, 1116 = 3*u - 5*j. What is the units digit of u?
2
Let n(y) = -385*y - 7. Suppose 2*g = -g + 2*m + 5, 4*m + 11 = 5*g. What is the hundreds digit of n(g)?
3
Suppose -6*l - 3*i + 14744 = -243013, 0 = -2*l + i + 85921. What is the units digit of l?
0
Let b = 3875 + 8884. What is the hundreds digit of b?
7
Suppose 5*x = -399 + 144. Let p(t) = -t**2 - 100*t + 427. Let f be p(4). What is the units digit of f*(x/6)/((-3)/6)?
7
What is the tens digit of (-23 - (18 + -37))*-4*(2825 + -2)?
6
Let x be 12*10/(-45)*-39. Let p = x - -34. What is the hundreds digit of p?
1
Suppose -3*v = 5*k - 27, 0 = -4*k + 5*v + 37 - 45. Suppose -6477 = -5*p + k*i, -3*p + 7*i = 4*i - 3891. What is the tens digit of p?
9
Suppose 10*q = -30615 + 231385. What is the tens digit of q?
7
Let m be (-1)/((3/(-192))/(8 - 5)). Suppose -z - m = -323. What is the hundreds digit of z?
1
Let n(j) = 199*j**2 - 13*j + 18. Let a be n(2). Suppose -4*i + 5*o + 257 = 0, 300 = 5*i - 0*i - 2*o. Suppose 6*w - a = i. What is the hundreds digit of w?
1
Suppose 34476 = 23*g - 24473. What is the hundreds digit of g?
5
Suppose -3*i - 20 = -2*z - 3*z, -4*z + 16 = i. Suppose 3*n = -3*a - 2*a + 68, i = -5*a - n + 66. Let o = a - -11. What is the units digit of o?
4
Let z(b) = 18*b**2 - 22*b - 6. Let j be z(-7). Suppose -4*v + 654 = -j. What is the hundreds digit of v?
4
Let k = 180 - 191. Let h(w) = 14*w - 27. Let p be h(-14). Let o = k - p. What is the units digit of o?
2
Suppose -2 = 3*w + s, 2*w - 25*s = -29*s - 8. Suppose -17*t + 8619 = -w*t. What is the tens digit of t?
0
Suppose 299199 - 397338 = -35*x + 979896. What is the tens digit of x?
0
Let q(u) = -54*u - 274. Let c be q(-5). Let j(w) be the first derivative of w**4/4 + 2*w**3 + 4*w**2 + w - 2. What is the units digit of j(c)?
1
Suppose 28*o = 2*z + 26*o - 3690, 4*o - 5563 = -3*z. What is the units digit of z?
9
Suppose -573*n + 1167760 = -529*n. What is the thousands digit of n?
6
Suppose t = -5*x + 100, -x + 4*t = -5*x + 80. Suppose -2*u + 2*k = -8, -3*k - 2*k = 4*u + x. What is the tens digit of (u + -254)*7/(-2 - 12)?
2
Let y(j) = j**3 - 4*j**2 - j - 14. Let m be (3/(-4))/(3/((-60)/(-5))). Let s = m - -9. What is the units digit of y(s)?
2
Let i(z) = -7*z - 26. Let a be i(-6). Suppose 6*x - a = 20. What is the tens digit of 12/(-21)*(-3)/(x/371)?
0
What is the tens digit of (12/(-9))/(((-40)/95715)/2)?
8
Let s be 110/(-25)*(-18 - 2). Let v = -88 + 